ase 14, what is -4 + 1a3700?
1a36da
In base 11, what is -32876 - 749?
-33514
In base 10, what is 1295 + -55143?
-53848
In base 9, what is 13 + 250051?
250064
In base 13, what is 3c03 + -192a3?
-153a0
In base 10, what is 2 - 4078217?
-4078215
In base 10, what is 18300 + -2589?
15711
In base 6, what is -3 + 11120251?
11120244
In base 12, what is 5394 - 20726?
-17352
In base 10, what is 8 - -265756267?
265756275
In base 15, what is a32 - 10353?
-e821
In base 16, what is -1476 - 334e?
-47c4
In base 8, what is 10756513 + 1?
10756514
In base 3, what is 2220 - 202222101221?
-202222022001
In base 5, what is -3444433311 - 40?
-3444433401
In base 2, what is 1001010011100010010010 - 10101110?
1001010011011111100100
In base 9, what is -868478550 + 0?
-868478550
In base 2, what is -10011000001101010111100 - 1?
-10011000001101010111101
In base 12, what is 42b + -7406?
-6b97
In base 14, what is -2c0 - -2a69?
2789
In base 8, what is -5423231 - -573?
-5422436
In base 6, what is -15 - 12213351215?
-12213351234
In base 7, what is -2 - -3533412330?
3533412325
In base 4, what is -102111 - 222003?
-330120
In base 4, what is -3 - -2232023332133?
2232023332130
In base 7, what is 15 - -13423143?
13423161
In base 15, what is 37d2 - 17e93?
-146b1
In base 8, what is -14 + -74302374?
-74302410
In base 16, what is 20ab3766 - -2?
20ab3768
In base 4, what is -3 - 2320211101?
-2320211110
In base 8, what is 2575225 - -65?
2575312
In base 6, what is -15140 - -23041?
3501
In base 2, what is -1011111110001111101 + -110111000?
-1011111111000110101
In base 12, what is 2 + 2290681?
2290683
In base 5, what is 244 - 2003121?
-2002322
In base 3, what is 21102002 + -1200120210?
-1102011201
In base 12, what is 211ab0 + 8a?
211b7a
In base 16, what is -6461 - c3?
-6524
In base 13, what is 88 + 1cc96?
20051
In base 4, what is -13120 - 32220011?
-32233131
In base 12, what is 83 + 755ab?
75672
In base 15, what is 0 + 1b45996?
1b45996
In base 9, what is 35 + 52657?
52703
In base 4, what is 102 - 2130331133102?
-2130331133000
In base 2, what is -1110111001100100 - 11100100010?
-1111010110000110
In base 15, what is -20a - -1540ed?
153de3
In base 13, what is -92626 - 2a2?
-928c8
In base 15, what is 602 + 6a06c?
6a66e
In base 2, what is 1110000011101011111 + -10001?
1110000011101001110
In base 6, what is 22303 + -1045333?
-1023030
In base 16, what is 6e464 + -5d?
6e407
In base 13, what is -135656305 + -3?
-135656308
In base 15, what is -ca - -1998?
18bd
In base 6, what is 3032252 - -2011?
3034303
In base 8, what is -7301752 + 12?
-7301740
In base 3, what is -1010210120101 + 220?
-1010210112111
In base 10, what is 1 + -1670615?
-1670614
In base 14, what is 442bc90 - 3?
442bc8b
In base 11, what is -2138 + -83a4?
-a531
In base 12, what is -2 - 11676b4?
-11676b6
In base 12, what is -29 + 21ab?
2182
In base 4, what is -1203101 - 1012332?
-2222033
In base 14, what is 249 + -27c8?
-257d
In base 7, what is 35004 - 220?
34454
In base 16, what is c - -374e23e?
374e24a
In base 12, what is -12369190 - -1?
-1236918b
In base 2, what is 11 - 111000101101110000101101110?
-111000101101110000101101011
In base 15, what is 4ca7 + b4d?
5905
In base 16, what is -287fe6 - 4?
-287fea
In base 2, what is 100 - -101100010110000010101011?
101100010110000010101111
In base 8, what is 0 - -157147262?
157147262
In base 14, what is -40 + -25c5c?
-25c9c
In base 14, what is -c7847 + 5?
-c7842
In base 9, what is 222 - 67722?
-67500
In base 4, what is 1 + -1002301332231?
-1002301332230
In base 3, what is 11012121012 + 1002?
11012122021
In base 12, what is b + -1a6389b?
-1a63890
In base 4, what is 2123231011 + -1321?
2123223030
In base 13, what is 3 + 169212?
169215
In base 11, what is -20634 + a06?
-1a729
In base 14, what is 0 - -cbada65?
cbada65
In base 15, what is 72a3121e + -2?
72a3121c
In base 3, what is 11012102220 - 11111120?
11000221100
In base 15, what is 10b38b - -9b?
10b437
In base 10, what is 2 - 7056205?
-7056203
In base 4, what is 111103333132222 + -1?
111103333132221
In base 9, what is -175 + 156023?
155737
In base 13, what is 2 - -185532b5?
185532b7
In base 9, what is -32268 - -11747?
-20421
In base 14, what is -483 - -825?
382
In base 9, what is -10566543 - 5?
-10566548
In base 8, what is 2170520 - 254?
2170244
In base 2, what is 10100001010011110111101011 + -11?
10100001010011110111101000
In base 12, what is -4 + -14260599?
-142605a1
In base 12, what is -545573 - 4?
-545577
In base 6, what is 4232444 + -120?
4232324
In base 14, what is 4461 + 13ba?
583b
In base 8, what is 63360431 - -2?
63360433
In base 5, what is 13122210400 + -4?
13122210341
In base 4, what is -1222200 + 330012?
-232122
In base 12, what is 934 - -684?
13b8
In base 2, what is -10 - 111010001110111001110010011?
-111010001110111001110010101
In base 7, what is -41450 + 2456?
-35661
In base 15, what is -5 + 2298e6c?
2298e67
In base 11, what is -207 - 2057?
-2263
In base 8, what is -7060 - -10610?
1530
In base 9, what is 1 - -17276510?
17276511
In base 11, what is -165262700 + -5?
-165262705
In base 3, what is 210 - -111012110?
111020020
In base 11, what is -16 + 1875a06?
18759a0
In base 8, what is -23142425 + -2?
-23142427
In base 16, what is -e6dad + -5?
-e6db2
In base 11, what is 4483857 + 3?
448385a
In base 9, what is -2728443 + -1?
-2728444
In base 3, what is -12202000 + -2010120?
-21212120
In base 2, what is 11011 - -100101011101111010010?
100101011101111101101
In base 8, what is -4 + 5724451?
5724445
In base 15, what is 17 - -3e91b0?
3e91c7
In base 12, what is 2a28 - -2626?
5452
In base 3, what is -100000 + 121112010120?
121111210120
In base 9, what is 4 + 536432040?
536432044
In base 10, what is 2 + -3587681?
-3587679
In base 13, what is -97 - -a89698?
a89601
In base 16, what is 3 - 24ef55?
-24ef52
In base 13, what is -5 + 3b640864?
3b64085c
In base 2, what is 1010100000110011011 + -110010?
1010100000101101001
In base 9, what is -76 + -12855?
-13042
In base 8, what is 516044 - 51?
515773
In base 9, what is -3 + 25858841?
25858837
In base 15, what is -152 + -23b81c?
-23b96e
In base 14, what is -65d816 - 5?
-65d81b
In base 16, what is -47af - -ba5?
-3c0a
In base 5, what is 2 - -40202424243?
40202424300
In base 9, what is -3 - 22134257?
-22134261
In base 6, what is -1300214 + -14142?
-1314400
In base 14, what is -ad - -1a1c76?
1a1ba7
In base 11, what is -11099 + -2245?
-13333
In base 14, what is -d3d - -1c62?
d23
In base 6, what is 42 - 11334521?
-11334435
In base 9, what is 10064704 - 104?
10064600
In base 10, what is -6523503 - 2?
-6523505
In base 7, what is 112 - 160265?
-160153
In base 9, what is -21 - -72304838?
72304817
In base 7, what is -15402250 + -32?
-15402312
In base 11, what is 16338 + 6a?
163a7
In base 6, what is -4451322 + 1305?
-4450013
In base 3, what is -100 + -12202010111001?
-12202010111101
In base 15, what is 1 - 2d6444?
-2d6443
In base 8, what is -205457 - -67?
-205370
In base 12, what is -3 - -1254879?
1254876
In base 12, what is -bb3 - 48a5?
-5898
In base 2, what is 1010 + -1010011100110111101011?
-1010011100110111100001
In base 8, what is -51 - -13577471?
13577420
In base 15, what is -17 + -9245c8?
-9245e0
In base 2, what is 111 - 100101110111011010?
-100101110111010011
In base 13, what is 0 + 74592ca?
74592ca
In base 5, what is -4240 - -21430004?
21420214
In base 10, what is 3 + 42070929?
42070932
In base 16, what is 960f5 + 0?
960f5
In base 13, what is -1113b4 + 7?
-1113aa
In base 8, what is 506113 - 202?
505711
In base 14, what is -4c3 - -1448?
d65
In base 9, what is 2037 + 4434?
6472
In base 8, what is 15 - -3217312?
3217327
In base 8, what is 12556074 - -54?
12556150
In base 16, what is -4 - -7b12?
7b0e
In base 16, what is 1 - 4f3e23?
-4f3e22
In base 16, what is 5 - 128dc01?
-128dbfc
In base 3, what is -22200 - -102210110?
102110210
In base 12, what is 10 - 50b52b5?
-50b52a5
In base 15, what is 4a2 + -c7?
3ca
In base 5, what is -12 - -243304231?
243304214
In base 16, what is 5 - -4b841c?
4b8421
In base 4, what is -203213033 - 333?
-203220032
In base 11, what is -2a8 + -8332?
-862a
In base 2, what is 100100100 - 1010001000001010111?
-1010000111100110011
In base 13, what is 111 + -19128?
-19017
In base 3, what is -22221 - 210101201120?
-210102001111
In base 3, what is -20 - 222211102112?
-222211102202
In base 14, wha